{"id":276,"date":"2022-04-01T23:50:29","date_gmt":"2022-04-01T20:50:29","guid":{"rendered":"https:\/\/haberv7.thewpdemo.com\/?page_id=276"},"modified":"2022-04-01T23:50:29","modified_gmt":"2022-04-01T20:50:29","slug":"kunye","status":"publish","type":"page","link":"https:\/\/kolektifpost.com\/?page_id=276","title":{"rendered":"K\u00fcnye"},"content":{"rendered":"\t\t<div data-elementor-type=\"wp-page\" data-elementor-id=\"276\" class=\"elementor elementor-276\">\n\t\t\t\t<div class=\"elementor-element elementor-element-786ab4a e-flex e-con-boxed e-con e-parent\" data-id=\"786ab4a\" data-element_type=\"container\">\n\t\t\t\t\t<div class=\"e-con-inner\">\n\t\t\t\t<div class=\"elementor-element elementor-element-4f89345 elementor-widget elementor-widget-text-editor\" data-id=\"4f89345\" data-element_type=\"widget\" data-widget_type=\"text-editor.default\">\n\t\t\t\t\t\t\t\t\t<p style=\"text-align: center;\"><strong>\u0130MT\u0130YAZ SAH\u0130B\u0130 \/ Grantee<\/strong><\/p><p style=\"text-align: center;\">NEO MEDYA Yap\u0131m Prod\u00fcksiyon<br \/>Elektronik Tic.Ltd.\u015eti<\/p><p style=\"text-align: center;\">Tel: +90535 206 84 89<\/p><p style=\"text-align: center;\"><strong>GENEL YAYIN Y\u00d6NETMEN\u0130 \/ Editor in Chief<\/strong><\/p><p style=\"text-align: center;\">CEM TU\u011eRUL MAKAR<\/p><p style=\"text-align: center;\"><strong>SORUMLU YAZI \u0130\u015eLER\u0130 M\u00dcD\u00dcR\u00dc<\/strong><\/p><p style=\"text-align: center;\">CEM TU\u011eRUL MAKAR<\/p><p style=\"text-align: center;\"><strong>YAYIN KOORD\u0130NAT\u00d6RLER\u0130<\/strong><\/p><p style=\"text-align: center;\">CEM TU\u011eRUL MAKAR\u00a0(info@magazinburada.net)<\/p><p style=\"text-align: center;\"><strong>MUHAB\u0130RLER<\/strong><\/p><p style=\"text-align: center;\">FURKAN MAKAR<br \/>S.A<\/p><p style=\"text-align: center;\"><strong>KAMERAMANLAR<\/strong><\/p><p style=\"text-align: center;\">EREN AYDIN<\/p><p style=\"text-align: center;\"><strong>D\u0130J\u0130TAL SORUMLU<\/strong><\/p><p style=\"text-align: center;\">HASAN ARAS<\/p><p style=\"text-align: center;\"><strong>ED\u0130T\u00d6R<\/strong><\/p><p style=\"text-align: center;\">\u0130LAYDA D\u00dcLGER<\/p><p style=\"text-align: center;\"><strong>MONTAJ\u00a0<\/strong><\/p><p style=\"text-align: center;\">HAYDAR ALAKO\u00c7<\/p><p style=\"text-align: center;\"><strong>HUKUK DANI\u015eMANI \/ Law Consultant<\/strong><\/p><p style=\"text-align: center;\">0535 206 84 89<\/p><p style=\"text-align: center;\"><strong>BASIN B\u00dcLTENLER\u0130<\/strong><br \/>Sitemizin ilgili kategorilerinde yer almas\u0131n\u0131 istedi\u011finiz haberleri<br \/>a\u015fa\u011f\u0131daki mail adresi arac\u0131l\u0131\u011f\u0131 ile bize bildirebilirsiniz.<br \/>info@magazinburada.net<\/p><p style=\"text-align: center;\"><strong>Adres \/ Address<\/strong><\/p><p style=\"text-align: center;\">Adres: Sultan Selim Mah. Ye\u015fil Sokak. No:7 Ka\u011f\u0131thane\/\u0130stanbul<\/p><p style=\"text-align: center;\"><strong>\u00a0\u00a9 T\u00dcM HAKLARI SAKLIDIR<\/strong><\/p><p style=\"text-align: center;\">\u201cmagazinburada.net \u0130nternet sitesinde yay\u0131nlanan yaz\u0131, haber ve foto\u011fraflar\u0131n her t\u00fcrl\u00fc telif hakk\u0131 NEO MEDYA Yap\u0131m Prod\u00fcksiyon<br \/>Elektronik Tic.Ltd.\u015eti&#8217;ye aittir. \u0130zin al\u0131nmadan, kaynak g\u00f6sterilerek dahi iktibas edilemez.\u201d<\/p><p style=\"text-align: center;\"><strong>WARNING<\/strong><\/p><p style=\"text-align: center;\">\u201cmagazinburada.net \u0130nternet sitesinde yay\u0131nlanan yaz\u0131, haber ve foto\u011fraflar\u0131n her t\u00fcrl\u00fc telif hakk\u0131 NEO MEDYA Yap\u0131m Prod\u00fcksiyon<br \/>Elektronik Tic.Ltd.\u015eti&#8217;ye aittir. \u0130zin al\u0131nmadan, kaynak g\u00f6sterilerek dahi iktibas edilemez.\u201d<\/p><p style=\"text-align: center;\"><strong>PRIVACY POLICY<\/strong><\/p><p style=\"text-align: center;\">We will keep your information confidential except where disclosure is required or permitted by law (for example to government bodies and law enforcement agencies). Generally, we will only use your information within the magazinburada.net However, sometimes the magazinburada.net uses third parties to process your information. magazinburada.net requires these third parties to comply strictly with its instructions and the magazinburada.net requires that they do not use your personal information for their own business purposes, unless you have explicitly consented to the use of your personal information in this way. When you interact with the magazinburada.net we sometimes receive personal information about you. For example, if you write to us or sign up to a newsletter, you might tell us who you are, how we can contact you and what you think of the magazinburada.net and its services. When you use magazinburada.net online services, we use cookies and collect IP addresses. You can find out more about this in the magazinburada.net cookies section of our full Privacy Policy.<\/p>\t\t\t\t\t\t\t\t<\/div>\n\t\t\t\t\t<\/div>\n\t\t\t\t<\/div>\n\t\t\t\t<\/div>\n\t\t","protected":false},"excerpt":{"rendered":"<p>\u0130MT\u0130YAZ SAH\u0130B\u0130 \/ Grantee NEO MEDYA Yap\u0131m Prod\u00fcksiyonElektronik Tic.Ltd.\u015eti Tel: +90535 206 84 89 GENEL YAYIN Y\u00d6NETMEN\u0130 \/ Editor in Chief CEM TU\u011eRUL MAKAR SORUMLU YAZI \u0130\u015eLER\u0130 M\u00dcD\u00dcR\u00dc CEM TU\u011eRUL MAKAR YAYIN KOORD\u0130NAT\u00d6RLER\u0130 CEM TU\u011eRUL MAKAR\u00a0(info@magazinburada.net) MUHAB\u0130RLER FURKAN MAKARS.A KAMERAMANLAR EREN AYDIN D\u0130J\u0130TAL SORUMLU HASAN ARAS ED\u0130T\u00d6R \u0130LAYDA D\u00dcLGER MONTAJ\u00a0 HAYDAR ALAKO\u00c7 HUKUK DANI\u015eMANI \/ [&hellip;]<\/p>\n","protected":false},"author":1,"featured_media":0,"parent":0,"menu_order":0,"comment_status":"closed","ping_status":"closed","template":"","meta":{"footnotes":""},"class_list":["post-276","page","type-page","status-publish","hentry"],"_links":{"self":[{"href":"https:\/\/kolektifpost.com\/index.php?rest_route=\/wp\/v2\/pages\/276","targetHints":{"allow":["GET"]}}],"collection":[{"href":"https:\/\/kolektifpost.com\/index.php?rest_route=\/wp\/v2\/pages"}],"about":[{"href":"https:\/\/kolektifpost.com\/index.php?rest_route=\/wp\/v2\/types\/page"}],"author":[{"embeddable":true,"href":"https:\/\/kolektifpost.com\/index.php?rest_route=\/wp\/v2\/users\/1"}],"replies":[{"embeddable":true,"href":"https:\/\/kolektifpost.com\/index.php?rest_route=%2Fwp%2Fv2%2Fcomments&post=276"}],"version-history":[{"count":0,"href":"https:\/\/kolektifpost.com\/index.php?rest_route=\/wp\/v2\/pages\/276\/revisions"}],"wp:attachment":[{"href":"https:\/\/kolektifpost.com\/index.php?rest_route=%2Fwp%2Fv2%2Fmedia&parent=276"}],"curies":[{"name":"wp","href":"https:\/\/api.w.org\/{rel}","templated":true}]}}