{"id":109839,"date":"2024-10-25T16:38:55","date_gmt":"2024-10-25T13:38:55","guid":{"rendered":"https:\/\/www.haber49.net\/?page_id=75816"},"modified":"2025-10-13T19:16:37","modified_gmt":"2025-10-13T19:16:37","slug":"yayin-politikasi","status":"publish","type":"page","link":"https:\/\/kolektifpost.com\/?page_id=109839","title":{"rendered":"Yay\u0131n Politikas\u0131"},"content":{"rendered":"<h2 data-start=\"476\" data-end=\"513\">KOLEKT\u0130F POST: D\u00dc\u015e\u00dcN, \u00dcRET, PAYLA\u015e<\/h2>\n<p data-start=\"515\" data-end=\"820\"><strong data-start=\"515\" data-end=\"532\">Kolektif Post<\/strong>, yeni medya \u00e7a\u011f\u0131nda habercilikle d\u00fc\u015f\u00fcnce \u00fcretimini bir araya getiren ba\u011f\u0131ms\u0131z bir dijital platformdur.<br data-start=\"635\" data-end=\"638\" \/>Bizler i\u00e7in Kolektif Post yaln\u0131zca bir haber sitesi de\u011fil; toplumsal meseleleri tart\u0131\u015fan, sivil toplumla i\u00e7 i\u00e7e \u00e7al\u0131\u015fan, hak odakl\u0131 i\u00e7erik \u00fcreten <strong data-start=\"784\" data-end=\"817\">kolektif bir d\u00fc\u015f\u00fcnce alan\u0131d\u0131r<\/strong>.<\/p>\n<h3 data-start=\"822\" data-end=\"836\">Amac\u0131m\u0131z<\/h3>\n<p data-start=\"837\" data-end=\"1378\">Kolektif Post, toplumun farkl\u0131 kesimlerinin sesini duyurabilece\u011fi, ele\u015ftirel d\u00fc\u015f\u00fcncenin ve hakikatin yan yana durabildi\u011fi bir alan yaratmay\u0131 ama\u00e7lar. Her ay belirlenen bir tema etraf\u0131nda derinlemesine dosyalar, analizler, s\u00f6yle\u015filer ve yorumlar yay\u0131mlar; bunun yan\u0131nda g\u00fcncel geli\u015fmeleri, hak ihlallerini, k\u00fclt\u00fcrel \u00fcretimleri ve sivil toplumun nabz\u0131n\u0131 tutan i\u00e7erikler \u00fcretir.<br data-start=\"1212\" data-end=\"1215\" \/>Amac\u0131m\u0131z yaln\u0131zca haber vermek de\u011fil; <strong data-start=\"1253\" data-end=\"1378\">kamuoyunu bilgilendirmek, toplumsal fark\u0131ndal\u0131k yaratmak ve sivil toplum ile medya aras\u0131ndaki etkile\u015fimi g\u00fc\u00e7lendirmektir.<\/strong><\/p>\n<h3 data-start=\"1380\" data-end=\"1403\">Yay\u0131n Politikam\u0131z<\/h3>\n<p data-start=\"1404\" data-end=\"1763\">Kolektif Post, <strong data-start=\"1419\" data-end=\"1444\">hak odakl\u0131 habercilik<\/strong>, <strong data-start=\"1446\" data-end=\"1468\">bar\u0131\u015f gazetecili\u011fi<\/strong> ve <strong data-start=\"1472\" data-end=\"1504\">toplumsal sorumluluk bilinci<\/strong> \u00fczerine in\u015fa edilmi\u015ftir.<br data-start=\"1529\" data-end=\"1532\" \/>T\u00fcm i\u00e7eriklerimiz, do\u011frulanm\u0131\u015f bilgilere dayan\u0131r; kayna\u011f\u0131 belirsiz, y\u00f6nlendirmeye a\u00e7\u0131k veya manip\u00fclatif hi\u00e7bir veriyi payla\u015fmay\u0131z.<br data-start=\"1662\" data-end=\"1665\" \/>Yanl\u0131\u015f bilgi tespit edildi\u011finde kamuoyuna a\u00e7\u0131k \u015fekilde d\u00fczeltme yapmay\u0131 sorumluluk kabul ederiz.<\/p>\n<p data-start=\"1765\" data-end=\"2101\">Habercili\u011fimizde <strong data-start=\"1782\" data-end=\"1866\">hi\u00e7bir ki\u015fi, kurum, parti, sermaye veya ideolojik grubun etkisi alt\u0131nda kalmadan<\/strong> \u00fcretim yapar\u0131z.<br data-start=\"1882\" data-end=\"1885\" \/>T\u00fcm bireylere, inan\u00e7lara, kimliklere ve toplumsal gruplara e\u015fit mesafede dururuz; ayr\u0131mc\u0131l\u0131\u011f\u0131n her t\u00fcr\u00fcne kar\u015f\u0131y\u0131z.<br data-start=\"2000\" data-end=\"2003\" \/>Kolektif Post, \u00e7e\u015fitlili\u011fi bir zenginlik olarak g\u00f6r\u00fcr ve farkl\u0131 seslerin bir aradal\u0131\u011f\u0131yla \u00e7o\u011fal\u0131r.<\/p>\n<h3 data-start=\"2103\" data-end=\"2126\">\u00c7al\u0131\u015fma Bi\u00e7imimiz<\/h3>\n<p data-start=\"2127\" data-end=\"2470\">Kolektif Post g\u00f6n\u00fcll\u00fcl\u00fck esas\u0131na dayal\u0131, <strong data-start=\"2168\" data-end=\"2212\">kat\u0131l\u0131mc\u0131 ve yatay bir \u00f6rg\u00fctlenme modeli<\/strong> ile y\u00fcr\u00fcr.<br data-start=\"2223\" data-end=\"2226\" \/>Yaz\u0131 i\u015fleri, edit\u00f6rl\u00fck, tasar\u0131m, sosyal medya, saha \u00e7al\u0131\u015fmas\u0131 ve i\u00e7erik \u00fcretimi s\u00fcre\u00e7leri ortak ak\u0131lla, kolektif kararlarla \u015fekillenir.<br data-start=\"2361\" data-end=\"2364\" \/>Okuyucular\u0131m\u0131z, yazarlar\u0131m\u0131z ve i\u015fbirli\u011fi yapt\u0131\u011f\u0131m\u0131z sivil toplum akt\u00f6rleri bu s\u00fcrecin birer par\u00e7as\u0131d\u0131r.<\/p>\n<p data-start=\"2472\" data-end=\"2732\">Kolektif Post yaln\u0131zca i\u00e7erik \u00fcreten de\u011fil; <strong data-start=\"2516\" data-end=\"2559\">d\u00fc\u015f\u00fcnceyi, dayan\u0131\u015fmay\u0131 ve ortak \u00fcretimi<\/strong> te\u015fvik eden bir platformdur.<br data-start=\"2588\" data-end=\"2591\" \/>Her ay\u0131n temas\u0131 etraf\u0131nda \u00e7a\u011fr\u0131lar yapar, yaz\u0131, foto\u011fraf, analiz, ara\u015ft\u0131rma ve yorumlarla katk\u0131 sunmak isteyen herkese kap\u0131s\u0131n\u0131 a\u00e7\u0131k tutar.<\/p>\n<h3 data-start=\"2734\" data-end=\"2751\">\u0130lkelerimiz<\/h3>\n<ul data-start=\"2752\" data-end=\"3318\">\n<li data-start=\"2752\" data-end=\"2850\">\n<p data-start=\"2754\" data-end=\"2850\"><strong data-start=\"2754\" data-end=\"2770\">Ba\u011f\u0131ms\u0131zl\u0131k:<\/strong> Hi\u00e7bir ekonomik, siyasi veya ideolojik bask\u0131 alt\u0131nda kalmadan i\u00e7erik \u00fcretmek.<\/p>\n<\/li>\n<li data-start=\"2851\" data-end=\"2935\">\n<p data-start=\"2853\" data-end=\"2935\"><strong data-start=\"2853\" data-end=\"2871\">Hak Odakl\u0131l\u0131k:<\/strong> \u0130nsan haklar\u0131n\u0131, toplumsal adaleti ve e\u015fitli\u011fi merkeze almak.<\/p>\n<\/li>\n<li data-start=\"2936\" data-end=\"3029\">\n<p data-start=\"2938\" data-end=\"3029\"><strong data-start=\"2938\" data-end=\"2961\">Bar\u0131\u015f Gazetecili\u011fi:<\/strong> \u00c7at\u0131\u015fma yerine diyalo\u011fu, \u00f6tekile\u015ftirme yerine empatiyi \u00f6ncelemek.<\/p>\n<\/li>\n<li data-start=\"3030\" data-end=\"3122\">\n<p data-start=\"3032\" data-end=\"3122\"><strong data-start=\"3032\" data-end=\"3052\">Kolektif \u00dcretim:<\/strong> Kat\u0131l\u0131mc\u0131, dayan\u0131\u015fmac\u0131 ve payla\u015f\u0131mc\u0131 bir \u00fcretim modeliyle \u00e7al\u0131\u015fmak.<\/p>\n<\/li>\n<li data-start=\"3123\" data-end=\"3217\">\n<p data-start=\"3125\" data-end=\"3217\"><strong data-start=\"3125\" data-end=\"3161\">\u015eeffafl\u0131k ve Hesap Verebilirlik:<\/strong> Hatalar\u0131 kabul etmek, d\u00fczeltmek ve kamuya a\u00e7\u0131k olmak.<\/p>\n<\/li>\n<li data-start=\"3218\" data-end=\"3318\">\n<p data-start=\"3220\" data-end=\"3318\"><strong data-start=\"3220\" data-end=\"3235\">\u00c7o\u011fulculuk:<\/strong> Farkl\u0131 fikir, kimlik ve k\u00fclt\u00fcrleri yan yana getiren bir medya anlay\u0131\u015f\u0131n\u0131 savunmak.<\/p>\n<\/li>\n<\/ul>\n<h3 data-start=\"3320\" data-end=\"3343\">Neden \u201cKolektif\u201d?<\/h3>\n<p data-start=\"3344\" data-end=\"3644\">\u00c7\u00fcnk\u00fc hakikat, tek bir sesin de\u011fil; \u00e7oklu bak\u0131\u015flar\u0131n, ortak \u00e7aban\u0131n ve dayan\u0131\u015fman\u0131n \u00fcr\u00fcn\u00fcd\u00fcr.<br data-start=\"3437\" data-end=\"3440\" \/>Kolektif Post, bilgiye eri\u015fimin ve ifade \u00f6zg\u00fcrl\u00fc\u011f\u00fcn\u00fcn kamusal bir hak oldu\u011fu inanc\u0131yla hareket eder.<br data-start=\"3540\" data-end=\"3543\" \/>Bu nedenle her i\u00e7erik bir \u00e7a\u011fr\u0131d\u0131r: <em><strong data-start=\"3579\" data-end=\"3644\">Birlikte d\u00fc\u015f\u00fcnmeye, birlikte \u00fcretmeye, birlikte de\u011fi\u015ftirmeye.<\/strong><\/em><\/p>\n","protected":false},"excerpt":{"rendered":"<p>KOLEKT\u0130F POST: D\u00dc\u015e\u00dcN, \u00dcRET, PAYLA\u015e Kolektif Post, yeni medya \u00e7a\u011f\u0131nda habercilikle d\u00fc\u015f\u00fcnce \u00fcretimini bir araya getiren ba\u011f\u0131ms\u0131z bir dijital platformdur.Bizler i\u00e7in Kolektif Post yaln\u0131zca bir haber sitesi de\u011fil; toplumsal meseleleri tart\u0131\u015fan, sivil toplumla i\u00e7 i\u00e7e \u00e7al\u0131\u015fan, hak odakl\u0131 i\u00e7erik \u00fcreten kolektif bir d\u00fc\u015f\u00fcnce alan\u0131d\u0131r. Amac\u0131m\u0131z Kolektif Post, toplumun farkl\u0131 kesimlerinin sesini duyurabilece\u011fi, ele\u015ftirel d\u00fc\u015f\u00fcncenin ve [&hellip;]<\/p>\n","protected":false},"author":1,"featured_media":0,"parent":0,"menu_order":0,"comment_status":"closed","ping_status":"closed","template":"","meta":{"footnotes":""},"class_list":["post-109839","page","type-page","status-publish","hentry"],"_links":{"self":[{"href":"https:\/\/kolektifpost.com\/index.php?rest_route=\/wp\/v2\/pages\/109839","targetHints":{"allow":["GET"]}}],"collection":[{"href":"https:\/\/kolektifpost.com\/index.php?rest_route=\/wp\/v2\/pages"}],"about":[{"href":"https:\/\/kolektifpost.com\/index.php?rest_route=\/wp\/v2\/types\/page"}],"author":[{"embeddable":true,"href":"https:\/\/kolektifpost.com\/index.php?rest_route=\/wp\/v2\/users\/1"}],"replies":[{"embeddable":true,"href":"https:\/\/kolektifpost.com\/index.php?rest_route=%2Fwp%2Fv2%2Fcomments&post=109839"}],"version-history":[{"count":3,"href":"https:\/\/kolektifpost.com\/index.php?rest_route=\/wp\/v2\/pages\/109839\/revisions"}],"predecessor-version":[{"id":112601,"href":"https:\/\/kolektifpost.com\/index.php?rest_route=\/wp\/v2\/pages\/109839\/revisions\/112601"}],"wp:attachment":[{"href":"https:\/\/kolektifpost.com\/index.php?rest_route=%2Fwp%2Fv2%2Fmedia&parent=109839"}],"curies":[{"name":"wp","href":"https:\/\/api.w.org\/{rel}","templated":true}]}}